he remainder when 725 is divided by 121?
120
What is the remainder when 175 is divided by 71?
33
Calculate the remainder when 4796 is divided by 200.
196
What is the remainder when 521 is divided by 28?
17
What is the remainder when 1986 is divided by 142?
140
What is the remainder when 201 is divided by 21?
12
Calculate the remainder when 160 is divided by 51.
7
What is the remainder when 345 is divided by 32?
25
What is the remainder when 2483 is divided by 311?
306
What is the remainder when 1605 is divided by 401?
1
What is the remainder when 16 is divided by 7?
2
Calculate the remainder when 66 is divided by 25.
16
What is the remainder when 1707 is divided by 5?
2
What is the remainder when 156 is divided by 156?
0
Calculate the remainder when 60 is divided by 23.
14
Calculate the remainder when 508 is divided by 152.
52
What is the remainder when 39 is divided by 16?
7
Calculate the remainder when 11423 is divided by 25.
23
Calculate the remainder when 6427 is divided by 13.
5
What is the remainder when 311 is divided by 152?
7
What is the remainder when 831 is divided by 406?
19
What is the remainder when 47 is divided by 19?
9
What is the remainder when 1089 is divided by 28?
25
Calculate the remainder when 1642 is divided by 27.
22
Calculate the remainder when 157 is divided by 8.
5
What is the remainder when 276 is divided by 134?
8
Calculate the remainder when 186 is divided by 63.
60
What is the remainder when 114 is divided by 79?
35
What is the remainder when 4094 is divided by 65?
64
Calculate the remainder when 714 is divided by 232.
18
What is the remainder when 1731 is divided by 414?
75
What is the remainder when 838 is divided by 21?
19
Calculate the remainder when 1174 is divided by 24.
22
What is the remainder when 227 is divided by 43?
12
Calculate the remainder when 2024 is divided by 1005.
14
What is the remainder when 687 is divided by 4?
3
What is the remainder when 899 is divided by 83?
69
What is the remainder when 350 is divided by 123?
104
Calculate the remainder when 309 is divided by 36.
21
What is the remainder when 202 is divided by 34?
32
What is the remainder when 1966 is divided by 24?
22
Calculate the remainder when 2958 is divided by 185.
183
What is the remainder when 10096 is divided by 51?
49
Calculate the remainder when 122 is divided by 16.
10
What is the remainder when 552 is divided by 58?
30
Calculate the remainder when 1926 is divided by 24.
6
What is the remainder when 372 is divided by 11?
9
Calculate the remainder when 64 is divided by 45.
19
Calculate the remainder when 177 is divided by 36.
33
Calculate the remainder when 15 is divided by 3.
0
What is the remainder when 1173 is divided by 483?
207
Calculate the remainder when 433 is divided by 109.
106
What is the remainder when 936 is divided by 41?
34
Calculate the remainder when 949 is divided by 53.
48
What is the remainder when 458 is divided by 244?
214
What is the remainder when 217 is divided by 10?
7
What is the remainder when 246 is divided by 75?
21
What is the remainder when 933 is divided by 305?
18
What is the remainder when 77 is divided by 40?
37
Calculate the remainder when 790 is divided by 36.
34
Calculate the remainder when 66 is divided by 12.
6
Calculate the remainder when 162 is divided by 4.
2
What is the remainder when 609 is divided by 51?
48
What is the remainder when 59 is divided by 25?
9
What is the remainder when 5317 is divided by 133?
130
Calculate the remainder when 802 is divided by 67.
65
Calculate the remainder when 2 is divided by 2.
0
Calculate the remainder when 224 is divided by 6.
2
Calculate the remainder when 3061 is divided by 67.
46
Calculate the remainder when 109 is divided by 16.
13
Calculate the remainder when 4737 is divided by 237.
234
Calculate the remainder when 388 is divided by 54.
10
What is the remainder when 184 is divided by 152?
32
What is the remainder when 497 is divided by 95?
22
What is the remainder when 6342 is divided by 135?
132
Calculate the remainder when 201 is divided by 51.
48
What is the remainder when 97 is divided by 54?
43
What is the remainder when 3810 is divided by 41?
38
Calculate the remainder when 77 is divided by 6.
5
What is the remainder when 171 is divided by 3?
0
What is the remainder when 2260 is divided by 32?
20
Calculate the remainder when 2463 is divided by 800.
63
What is the remainder when 456 is divided by 38?
0
What is the remainder when 2718 is divided by 170?
168
Calculate the remainder when 118 is divided by 63.
55
Calculate the remainder when 15620 is divided by 14.
10
Calculate the remainder when 8117 is divided by 35.
32
Calculate the remainder when 1619 is divided by 90.
89
Calculate the remainder when 4013 is divided by 18.
17
Calculate the remainder when 116 is divided by 20.
16
What is the remainder when 69 is divided by 49?
20
What is the remainder when 2006 is divided by 221?
17
Calculate the remainder when 254 is divided by 209.
45
Calculate the remainder when 146 is divided by 10.
6
Calculate the remainder when 393 is divided by 18.
15
Calculate the remainder when 6826 is divided by 27.
22
Calculate the remainder when 1255 is divided by 623.
9
What is the remainder when 12706 is divided by 97?
96
What is the remainder when 1470 is divided by 64?
62
What is the remainder when 662 is divided by 84?
74
Calculate the remainder when 778 is divided by 16.
10
Calculate the remainder when 101 is divided by 101.
0
Calculate the remainder when 79 is divided by 28.
23
What is the remainder when 268 is divided by 73?
49
Calculate the remainder when 76 is divided by 37.
2
Calculate the remainder when 23 is divided by 16.
7
Calculate the remainder when 158 is divided by 23.
20
What is the remainder when 152 is divided by 11?
9
What is the remainder when 206 is divided by 122?
84
Calculate the remainder when 22 is divided by 7.
1
Calculate the remainder when 2817 is divided by 929.
30
What is the remainder when 607 is divided by 53?
24
Calculate the remainder when 112 is divided by 23.
20
What is the remainder when 2159 is divided by 30?
29
Calculate the remainder when 1550 is divided by 255.
20
Calculate the remainder when 355 is divided by 136.
83
Calculate the remainder when 218 is divided by 122.
96
Calculate the remainder when 809 is divided by 27.
26
Calculate the remainder when 1147 is divided by 164.
163
Calculate the remainder when 1920 is divided by 215.
200
Calculate the remainder when 55 is divided by 48.
7
Calculate the remainder when 794 is divided by 395.
4
Calculate the remainder when 1696 is divided by 70.
16
What is the remainder when 286 is divided by 18?
16
Calculate the remainder when 146 is divided by 49.
48
Calculate the remainder when 35 is divided by 12.
11
Calculate the remainder when 131 is divided by 24.
11
What is the remainder when 571 is divided by 11?
10
What is the remainder when 18428 is divided by 288?
284
Calculate the remainder when 1574 is divided by 21.
20
Calculate the remainder when 2875 is divided by 954.
13
What is the remainder when 138 is divided by 30?
18
Calculate the remainder when 906 is divided by 101.
98
Calculate the remainder when 108 is divided by 79.
29
What is the remainder when 1374 is divided by 678?
18
What is the remainder when 2895 is divided by 21?
18
What is the remainder when 745 is divided by 69?
55
Calculate the remainder when 9631 is divided by 7.
6
Calculate the remainder when 4639 is divided by 13.
11
Calculate the remainder when 373 is divided by 75.
73
What is the remainder when 369 is divided by 87?
21
What is the remainder when 299 is divided by 58?
9
What is the remainder when 10297 is divided by 17?
12
What is the remainder when 151 is divided by 81?
70
What is the remainder when 599 is divided by 91?
53
What is the remainder when 90 is divided by 37?
16
What is the remainder when 182 is divided by 2?
0
Calculate the remainder when 7037 is divided by 20.
17
What is the remainder when 2318 is divided by 27?
23
Calculate the remainder when 1623 is divided by 82.
65
Calculate the remainder when 126 is divided by 33.
27
What is the remainder when 8 is divided by 5?
3
Calculate the remainder when 333 is divided by 42.
39
Calculate the remainder when 769 is divided by 22.